lculate 50 + (-18 - -3) + 1 + (8 - 6).
38
What is (21 - 14 - 23) + -29 + 75?
30
What is the value of 20 + -63 - (-8 + 6 - (2 + 7 + -8))?
-40
Evaluate (71 - 3) + 18 + -34.
52
What is -77 - ((-14 - (-2 - (15 + -3))) + 2 + 6)?
-85
Calculate 148 + -2 + -1 - (136 - 259 - -119).
149
What is the value of (93 - -30 - 53) + -78?
-8
What is (-22 + 0 - (34 + -2 + (28 - 74))) + 120?
112
Evaluate -8 + -1 - -28 - (151 + -63).
-69
What is (2 - -5) + (1 - (-3 - (-52 + 2)))?
-39
What is (-47 - (-20 - 37)) + 3 + -2 + 0?
11
What is -5 + (278 + -133 + -137 - (-54 - -1))?
56
What is (-63 - 1) + -7 - -80?
9
What is 102 - (1 + 14 + 0 - (30 + (-50 - -25)))?
92
Evaluate (-2 - -3) + 9 + (-4 - (1 + (4 - -2))).
-1
12 + (52 - 22) + -71
-29
What is the value of (-33 + 70 - 53) + -1 + -19?
-36
What is (-19 - 13) + 76 + -28 - (0 - -6)?
10
-137 + 137 + (6 - (-1 + 2) - 52)
-47
Evaluate (193 - 212) + (-3 - 1) + -7.
-30
What is the value of ((1 - 55) + (-19 - -16) - -1) + 38 + -37?
-55
Calculate (24 - (4 - 1)) + -31 + -1 + 9.
-2
What is the value of -75 + (5 - (2 + 14 + -10 + -14))?
-62
Evaluate -8 - 5 - ((-27 - 6) + 42 - -103).
-125
What is the value of -21 - (1 + 23 - (140 + -128))?
-33
Calculate (89 - (42 - -33)) + -6.
8
What is 373 + -355 - (1 - 4)?
21
Calculate -1 - 57 - (-360 + 346).
-44
Calculate 10 + -33 + 33 + -79.
-69
Evaluate 27 - (14 - (12 + -8)) - (-6 - (-3 + -6)).
14
Calculate -2 + -5 + 13 + (3 - -11) - -6.
26
Calculate 104 - (-1087 + 1084 + -1 + 8).
100
Calculate -32 - (3 - -1 - (-38 - -39)).
-35
Evaluate 105 + -27 - 75 - 36.
-33
Calculate 64 + -6 - 1 - (-38 - -32) - 14.
49
Evaluate 23 + -18 + -4 - (2 + 17) - -3.
-15
Calculate (31 - 28 - 18) + -34 - (27 + -10).
-66
What is 74 - (5 - -41) - 27?
1
Calculate -2 - -6 - (336 + -200) - -14.
-118
Evaluate (41 - (-11 + 17)) + -179 + 272.
128
What is the value of 58 + -90 + 45 + 32?
45
-24 + (-191 - -67 - -154)
6
Evaluate (-10 - ((4 - 10) + -12 + 12)) + -1.
-5
What is 3 + -1 - (75 - 41 - 75)?
43
What is -3 + 0 - (1452 + -1474)?
19
-104 + 52 - (-2 - (2 + -3)) - (1 - -5)
-57
What is 29 - 42 - (9 - 30)?
8
(-6 - 1) + -117 + 74 + (5 - 2)
-47
Calculate -72 - (-5 + 40 + -60).
-47
Evaluate -56 - (-11 + (13 - 3)) - 25.
-80
(-12 - -71) + (-2 - 94)
-37
What is 8 + (-1 - 11 - (114 - 107) - -8)?
-3
What is the value of (2 - (3 + -59)) + (205 - 215) + -8?
40
Evaluate (24 - 24 - 10) + (-14 - (7 - 12)).
-19
What is 112 + -102 + 156 - 81?
85
Calculate -12 - (14 + (-249 - -129 - (0 - -7))).
101
Evaluate -8 + 22 + (-20 - (2 + -1)).
-7
What is the value of -4 + (-13 - 4) - -4 - (0 + -6 + 16)?
-27
What is the value of (14 - 3) + (-1 - (-105 + (-26 - -6)) - 9)?
126
Evaluate 1 + 31 + 3 - (592 - 585).
28
(0 - 10) + -67 + 14 + -16 + (41 - 38)
-76
Calculate 21 - -7 - 11 - (-2 - 7).
26
Calculate 6 + 32 + -13 + (0 - -12) + 3.
40
Evaluate 26 - 17 - -16 - 1 - 2.
22
What is 21 + (3 - 12) + 21 + -13?
20
Evaluate -30 + (-68 - -78) + 10 + (-27 - (0 + 1)).
-38
What is (-33 - -25) + (-1 + (6 - 17) - 73)?
-93
5 + -15 + 11 + 12 + -19
-6
Calculate -2 - (-14 + 43 + -7 - -19).
-43
1 + -8 + 6 + -4 - (112 - (-4 - -33))
-88
What is 11 + 3 - (12 + (3 - 4 - 23))?
26
What is the value of (2 - -5) + (0 - 7) + (103 - 102)?
1
What is 63 - (26 + -4 + -8 - 12 - -1)?
60
Calculate 356 + -345 + -1 + -19 - (2 - -52).
-63
What is 6 + (58 - 40) - 38?
-14
What is (-2 + -1 - -40) + (-2505 - -2540)?
72
What is the value of -15 + -24 + 24 - 26?
-41
-4 + 3 + (21 + -25 - 13)
-18
Evaluate -12 - -11 - (-296 - -339).
-44
(-43 - -8 - (-52 + 54)) + 4
-33
Evaluate 2 + 5 + (0 - -1) - (-44 - -7).
45
What is (18 - -13) + -7 - (-44 + 38)?
30
Evaluate -44 + (53 - -109) + -1 + 10.
127
Evaluate (-6 + 7 - (-10 + -6)) + 15.
32
What is (1 - (0 + -11 - -20 - 37)) + -5 + -6?
18
What is the value of -50 + (66 - 21) + -36?
-41
Evaluate 1 - (-56 - (-28 + 12)).
41
What is the value of 41 + 52 + -41 + -31?
21
Evaluate (-32 - ((13 - 42) + -27)) + 61.
85
-127 - (-73 - (-31 - -20))
-65
What is -153 + 11 + (-421 - -511)?
-52
(0 - 3) + (19 - 22) + -21
-27
-1 + (3 - (2 + -2)) + (58 - -8 - 52)
16
What is the value of -67 + -100 + 48 + 54?
-65
Evaluate -2 + -25 - (2 - -7 - (-31 + (33 - 5))).
-39
What is 2 + 0 - (23 + -49 - -3)?
25
What is the value of -28 - (-4 + (16 - (-9 + 6 - -6)) + -3)?
-34
Evaluate -76 - (30 + -86 + 39).
-59
What is -75 + -5 + (-236 - -254)?
-62
What is the value of -18 + -1 + 14 + (23 - 34)?
-16
Evaluate 9197 - 9205 - ((9 - 85) + (0 + 0 - 0)).
68
Calculate (62 - 148) + 16 - -32.
-38
Evaluate -4 + -2 - (-49 + -14 + 25 + 115).
-83
Evaluate -14 + -42 + (8 - -7) + 23.
-18
29 + (-78 - -121 - (-7 + -27))
106
-51 + 1 - ((-32 - 58) + 103)
-63
What is (-2 + -10 - -1) + -1 + (-147 - -153)?
-6
What is -26 + (-3 - -3) + (-32 - (13 + -16)) + 18?
-37
What is ((-16 - -29 - 5) + -15 - -97) + -14?
76
3 - (-37 + (26 - 6) + -26)
46
What is the value of -100 + (39 - 10) + 119?
48
26 + 21 + -13 - 58
-24
What is the value of -1 + -7 + (13 - (-39 - ((2 - -13) + -13)))?
46
What is the value of -73 + 77 - -33 - -20?
57
Evaluate -32 - (-33 - 21) - 6.
16
Evaluate 1 + 65 - ((-24 - -26) + (1 + -16 - -9)).
70
-511 - -499 - (6 + (-2 - -56 - 0) - -2)
-74
What is (-66 - -20) + -5 + 53?
2
-97 + -13 + 19 - (-19 - 15)
-57
What is the value of 79 - (-59 + 39 + 22 - (-4 - 4))?
69
What is the value of 15 - (22 + (10 - (-26 + 25)))?
-18
Evaluate 9 + (-22 + 8 + -16 - 5).
-26
(10 - (2 - 5)) + (226 + -202 - (15 - -1))
21
What is (-25 + 27 - 7) + -5 + (3 + -1 - -42)?
34
1 + -103 - ((19 - (-2 + 4)) + 42 + -68)
-93
1 - 0 - -6 - (-47 + 62)
-8
-60 - -12 - (-19 + 30 - (10 + -2))
-51
What is the value of (1 - -22) + -282 + 269 - (-68 - 6 - -7)?
77
Calculate (-2 + -4 - -8) + -299 + 321.
24
What is -32 - (-5 + (-6 - -2) + -1 + 1)?
-23
What is -2 + 4 - -12 - (36 + -115 + 51)?
42
Evaluate (-3 - (-9 - (-27 - 0))) + (-17 - (5 - 21)).
-22
Evaluate 46 - (-56 + -17 + 111).
8
Evaluate (14 + (-21 - 16) - -17 - -115) + -17.
92
-2 + -23 + -82 + 112 + (0 - -1 - 6)
0
What is (-9 - 9) + 58 + -36 + 8?
12
Calculate -24 - (-16 - 139 - (-89 + 46)).
88
22 - 30 - (62 - (-11 + 131))
50
Evaluate -31 + (-148 - -172) + 0 + (9 - 2) + -2.
-2
Evaluate (-22 - -9) + 23 - (15 - -3).
-8
Calculate -8 - (21 + -8 + 9 - 19).
-11
Calculate (-2 - 14 - 41) + -6 + -8 + (0 - 10).
-81
Evaluate -10 - (-7 + -16 + 25 + -24 + 26).
-14
What is the value of (19 + 9 - 2) + -5 + -25?
-4
What is 3 + 1 + ((-2 - 0) + (250 - 246) - 12)?
-6
Evaluate (11 - 0) + (10 - (-17 + 36 + 19)).
-17
(-2 - -2 - (-3 + -15 - -2 - -24)) + -28
-36
What is the value of 92 - (2 - (-108 + 114))?
96
Evaluate (-5 - -17 - (76 + -75)) + 21.
32
Evaluate 37 - (-7 - 1 - 2 - (4 + 30 + -37)).
44
-32 + 64 + (-38 - -21)
15
Evaluate (-27 + -25 + 27 - -13 - -6) + (0 - -5).
-1
Calculate -9 - (61 + (20 + 2 - 39)).
-53
What is -53 + (-87 + 79 - (2 - 28))?
-35
What is -32 + 21 + -9 + 9 + -1 + 2?
-10
Evaluate (33 - (-30 - 11)) + -44.
30
What is the value of (40 + -9 - -4) + (0 - 18) + 15?
32
What is the value of -87 - (-2 - -9 - -1) - (-3 + 12)?
-104
What is -7 + 2090 + -2082 + (2 - (131 - 2))?
-126
(-27 - (57 + -23)) + -52
-113
What is the value of -8 - (4 + -8 + 7) - (9 - (1 + 7))?
-12
Evaluate -28 + 2 - (4 + -4 + -3) - (2486 - 2477).
-32
What is (127 - 7) + (-19 - 14 - -8 - 1) + 19?
113
What is the value of -68 - -36 - (23 + 40 + -72)?
-23
4 - -62 - (10 + 5 - (-2 + -4 + 14))
59
-11 - (-5 - (-68 - -6) - (-18 + 5 + 18))
-63
-32 - ((39 - (-38 + 135)) + 4)
22
Evaluate 26 - (-16 + 30 + -19 - -17) - 33.
-19
13 - ((581 - 599) + (-2 - -3) + 5)
25
106 - -11 - (-37 - (-87 + 77))
144
-38 + (18 - -7) - (-5 - -4 - -49)
-61
Calculate 7 - -18 - (113 + -101) - (-1 + 13).
1
What is 3 - (24 + -13 - 42)?
34
-9 - ((-47 - -39) + (1 - -2) + 19) - -6
-17
What is the value of -143 + (-131 - -162) + -12?
-124
Evaluate -79 + (16 + -7 + (-1 - 10) - -15).
-66
What is the value of -6 - (6 - -3 - 7 - -8 - (12 + 99))?
95
What is the value of 96 + -117 + (-2 - 4 - -8 - 2 - -9)?
-12
Evaluate -5 + (21 + -1 - ((7 - -9 - 5) + -7)).
11
-4120 - -4100 - (-1 - 0 - -4)
-23
5 + (1 - -1) + 42 + (-13 - -21) + 5
62
-15 + (-19 + 15 - -17 - 13) - -89
74
-9 + ((12 - 6) + (8 + 5 - 56) - 3)
-49
Calculate (19 - -29) + -20 + 0 + -11 + -2.
15
Evaluate 47 - (-10 - -4 - -70).
-17
Calculate (8 - 2) + (190 - 67) + -23.
106
Evaluate (44 - 0) + -361 + 344.
27
Calculate 177 + 91 + -193